{"id":96527,"date":"2025-09-17T08:24:18","date_gmt":"2025-09-17T12:24:18","guid":{"rendered":"https:\/\/nbliberal.ca\/?post_type=tribe_events&#038;p=96527"},"modified":"2025-09-17T08:24:18","modified_gmt":"2025-09-17T12:24:18","slug":"aga-moncton-sud","status":"publish","type":"tribe_events","link":"https:\/\/nbliberal.ca\/fr\/event\/aga-moncton-sud\/","title":{"rendered":"AGA Moncton-Sud"},"content":{"rendered":"<p>L\u2019Association lib\u00e9rale de Moncton-Sud donne avis qu\u2019elle tiendra son assembl\u00e9e g\u00e9n\u00e9rale annuelle le mercredi 15 octobre 2025 \u00e0 17h00 au <span data-olk-copy-source=\"MessageBody\">Centre Aberdeen<\/span>, 149 rue Botsford, Suite 35, Moncton. Des rafra\u00eechissements seront servis. La ministre de l\u2019\u00c9ducation et du D\u00e9veloppement de la petite enfance, la Hon. Claire Johnson, sera \u00e9galement pr\u00e9sent en tant qu\u2019invit\u00e9 sp\u00e9cial.<\/p>\n","protected":false},"excerpt":{"rendered":"<p>L\u2019Association lib\u00e9rale de Moncton-Sud donne avis qu\u2019elle tiendra son assembl\u00e9e g\u00e9n\u00e9rale annuelle le mercredi 15 octobre 2025 \u00e0 17h00 au Centre Aberdeen, 149 rue Botsford, Suite 35, Moncton. Des rafra\u00eechissements [&hellip;]<\/p>\n","protected":false},"author":17,"featured_media":0,"template":"","meta":{"_seopress_robots_primary_cat":"","_seopress_titles_title":"","_seopress_titles_desc":"","_seopress_robots_index":"","_price":"","_stock":"","_tribe_ticket_header":"","_tribe_default_ticket_provider":"TEC\\Tickets\\Commerce\\Module","_tribe_ticket_capacity":"0","_ticket_start_date":"","_ticket_end_date":"","_tribe_ticket_show_description":"","_tribe_ticket_show_not_going":false,"_tribe_ticket_use_global_stock":"","_tribe_ticket_global_stock_level":"","_global_stock_mode":"","_global_stock_cap":"","_tribe_rsvp_for_event":"","_tribe_ticket_going_count":"","_tribe_ticket_not_going_count":"","_tribe_tickets_list":"[]","_tribe_ticket_has_attendee_info_fields":false,"_tribe_events_status":"","_tribe_events_status_reason":"","_tribe_events_is_hybrid":"","_tribe_events_is_virtual":"","_tribe_events_virtual_video_source":"","_tribe_events_virtual_embed_video":"","_tribe_events_virtual_linked_button_text":"","_tribe_events_virtual_linked_button":"","_tribe_events_virtual_show_embed_at":"","_tribe_events_virtual_show_embed_to":[],"_tribe_events_virtual_show_on_event":"","_tribe_events_virtual_show_on_views":"","_tribe_events_virtual_url":"","footnotes":"","_tec_slr_enabled":"","_tec_slr_layout":""},"tags":[],"tribe_events_cat":[84],"class_list":["post-96527","tribe_events","type-tribe_events","status-publish","hentry","tribe_events_cat-aga","cat_aga"],"meta_box":[],"ticketed":["rsvp"],"_links":{"self":[{"href":"https:\/\/nbliberal.ca\/fr\/wp-json\/wp\/v2\/tribe_events\/96527","targetHints":{"allow":["GET"]}}],"collection":[{"href":"https:\/\/nbliberal.ca\/fr\/wp-json\/wp\/v2\/tribe_events"}],"about":[{"href":"https:\/\/nbliberal.ca\/fr\/wp-json\/wp\/v2\/types\/tribe_events"}],"author":[{"embeddable":true,"href":"https:\/\/nbliberal.ca\/fr\/wp-json\/wp\/v2\/users\/17"}],"version-history":[{"count":1,"href":"https:\/\/nbliberal.ca\/fr\/wp-json\/wp\/v2\/tribe_events\/96527\/revisions"}],"predecessor-version":[{"id":96532,"href":"https:\/\/nbliberal.ca\/fr\/wp-json\/wp\/v2\/tribe_events\/96527\/revisions\/96532"}],"wp:attachment":[{"href":"https:\/\/nbliberal.ca\/fr\/wp-json\/wp\/v2\/media?parent=96527"}],"wp:term":[{"taxonomy":"post_tag","embeddable":true,"href":"https:\/\/nbliberal.ca\/fr\/wp-json\/wp\/v2\/tags?post=96527"},{"taxonomy":"tribe_events_cat","embeddable":true,"href":"https:\/\/nbliberal.ca\/fr\/wp-json\/wp\/v2\/tribe_events_cat?post=96527"}],"curies":[{"name":"wp","href":"https:\/\/api.w.org\/{rel}","templated":true}]}}

<p>L’Association libérale de Moncton-Sud donne avis qu’elle tiendra son assemblée générale annuelle le mercredi 15 octobre 2025 à 17h00 au <span data-olk-copy-source="MessageBody">Centre Aberdeen</span>, 149 rue Botsford, Suite 35, Moncton. Des rafraîchissements seront servis. La ministre de l’Éducation et du Développement de la petite enfance, la Hon. Claire Johnson, sera également présent en tant qu’invité spécial.</p>

<p>L’Association libérale de Moncton-Sud donne avis qu’elle tiendra son assemblée générale annuelle le mercredi 15 octobre 2025 à 17h00 au Centre Aberdeen, 149 rue Botsford, Suite 35, Moncton. Des rafraîchissements [&hellip;]</p>
