{"id":20867,"date":"2024-09-19T13:55:45","date_gmt":"2024-09-19T17:55:45","guid":{"rendered":"https:\/\/nbliberal.ca\/affordability\/"},"modified":"2024-09-20T09:38:39","modified_gmt":"2024-09-20T13:38:39","slug":"affordability","status":"publish","type":"page","link":"https:\/\/nbliberal.ca\/fr\/affordability\/","title":{"rendered":"Affordability and Housing Landing page"},"content":{"rendered":"\n<section class=\"wp-block-wp-expert-new-wpe-section-container\">\n<div class=\"wp-block-wp-expert-new-wpe-container container\">\n<div class=\"grid  grid-1-tab-l grid-reverse-columns-tab-l    \" style=\"gap:calc(var(u002du002dgrid-gap) * 2.5)\">\n<div class=\"wp-block-group is-vertical is-layout-flex wp-container-core-group-is-layout-fe9cc265 wp-block-group-is-layout-flex\">\n<p><strong>Rendre le cout de la vie plus abordable<br><\/strong>Apr\u00e8s six ans de gouvernement Higgs, le cout de la vie a explos\u00e9. Entre autres, les loyers ont augment\u00e9 de 38 %, avec une augmentation de 10 % seulement cette ann\u00e9e.<br>\u00a0<br>Notre province connait une croissance d\u00e9mographique sans pr\u00e9c\u00e9dent et les conservateurs de Higgs n\u2019ont aucun plan pour faire face \u00e0 cette nouvelle r\u00e9alit\u00e9. Les propri\u00e9taires et les locataires subissent des augmentations record d\u2019imp\u00f4ts fonciers et de loyers, tandis qu\u2019un nombre record de personnes se retrouvent sans abris.<br>\u00a0<br><strong>Mettre en place un plafond de l\u2019augmentation des loyers et r\u00e9former le syst\u00e8me d\u00e9faillant d\u2019imp\u00f4ts fonciers<\/strong><br>L\u2019\u00e9quipe Holt mettra imm\u00e9diatement en place un plafond de l\u2019augmentation des loyers dans le cadre d\u2019une modernisation compl\u00e8te de la\u00a0<em>Loi sur la location de locaux d\u2019habitation<\/em>. Nous r\u00e9f\u00e9rerons \u00e9galement le syst\u00e8me d\u2019imp\u00f4ts fonciers afin d\u2019en assurer la stabilit\u00e9 et l\u2019\u00e9quit\u00e9.<br>\u00a0<br><strong>Supprimer la TVP de 10 % des factures d\u2019\u00e9lectricit\u00e9<\/strong><br>L\u2019\u00e9quipe Holt supprimera la taxe provinciale de 10 % de votre facture r\u00e9sidentielle d\u2019\u00e9lectricit\u00e9 afin de rendre le cout de la vie plus abordable et de permettre \u00e0 la famille n\u00e9o-brunswickoise moyenne d\u2019\u00e9conomiser environ 192 $ par an.<br>\u00a0<br><strong>Mettre en place un programme universel d\u2019alimentation scolaire<\/strong><br>Au Nouveau-Brunswick, trop d\u2019enfants vont \u00e0 l\u2019\u00e9cole alors qu\u2019ils souffrent de la faim. L\u2019\u00e9quipe Holt s\u2019assurera que tous les enfants sont pr\u00eats \u00e0 apprendre en mettant en place un programme universel qui offre \u00e0 chacun d\u2019entre eux un petit-d\u00e9jeuner gratuit et un diner \u00e0 contribution volontaire, selon les moyens.<br>\u00a0<br><strong>Construire 30 000 nouveaux logements<\/strong><br>Le Nouveau-Brunswick connait actuellement une crise du logement sans pr\u00e9c\u00e9dent. En supprimant temporairement la taxe de vente provinciale (TVP) sur les nouveaux projets de construction de logements multiunit\u00e9s, l\u2019\u00e9quipe Holt facilitera la construction de plus de logements plus rapidement.<br>\u00a0<br><strong>L\u2019\u00e9quipe Holt est ax\u00e9e sur le cout de la vie et le logement !<\/strong><br><span id=\"docs-internal-guid-f19435ae-7fff-b8a5-9645-27132d2c5867\"><div><span style=\"font-size: 11pt; font-family: &quot;Proxima Nova&quot;, sans-serif; color: rgb(0, 0, 0); background-color: transparent; font-weight: 700; font-variant-numeric: normal; font-variant-east-asian: normal; font-variant-alternates: normal; font-variant-position: normal; vertical-align: baseline;\"><\/span><span style=\"font-size: 11pt; font-family: &quot;Proxima Nova&quot;, sans-serif; color: rgb(0, 0, 0); background-color: transparent; font-weight: 700; font-variant-numeric: normal; font-variant-east-asian: normal; font-variant-alternates: normal; font-variant-position: normal; vertical-align: baseline;\"><\/span><\/div><\/span><\/p>\n\n\n\n<div class=\"wp-block-buttons is-layout-flex wp-block-buttons-is-layout-flex\">\n<div class=\"wp-block-button\"><a class=\"wp-block-button__link has-brand-1-background-color has-background wp-element-button\" href=\"https:\/\/nbliberal.ca\/fr\/dons\/\">Faire un don<\/a><\/div>\n<\/div>\n<\/div>\n\n\n\n<figure class=\"wp-block-image size-full\"><img loading=\"lazy\" decoding=\"async\" width=\"2560\" height=\"1597\" src=\"https:\/\/nbliberal.ca\/wp-content\/uploads\/rent_cap_website-scaled.jpg\" alt=\"rent cap website\" class=\"wp-image-20735\" srcset=\"https:\/\/nbliberal.ca\/wp-content\/uploads\/rent_cap_website-scaled.jpg 2560w, https:\/\/nbliberal.ca\/wp-content\/uploads\/rent_cap_website-300x187.jpg 300w, https:\/\/nbliberal.ca\/wp-content\/uploads\/rent_cap_website-1024x639.jpg 1024w, https:\/\/nbliberal.ca\/wp-content\/uploads\/rent_cap_website-768x479.jpg 768w, https:\/\/nbliberal.ca\/wp-content\/uploads\/rent_cap_website-1536x958.jpg 1536w, https:\/\/nbliberal.ca\/wp-content\/uploads\/rent_cap_website-2048x1277.jpg 2048w\" sizes=\"auto, (max-width: 2560px) 100vw, 2560px\" \/><\/figure>\n<\/div>\n<\/div>\n<\/section>\n\n\n\n<section class=\"section-bg\"> <img loading=\"lazy\" decoding=\"async\" width=\"1920\" height=\"911\" src=\"https:\/\/nbliberal.ca\/wp-content\/uploads\/getinvolved_block.webp\" class=\"section-bg__img wp-image-10119\" alt=\"getinvolved block\" srcset=\"https:\/\/nbliberal.ca\/wp-content\/uploads\/getinvolved_block.webp 1920w, https:\/\/nbliberal.ca\/wp-content\/uploads\/getinvolved_block-300x142.webp 300w, https:\/\/nbliberal.ca\/wp-content\/uploads\/getinvolved_block-1024x486.webp 1024w, https:\/\/nbliberal.ca\/wp-content\/uploads\/getinvolved_block-768x364.webp 768w, https:\/\/nbliberal.ca\/wp-content\/uploads\/getinvolved_block-1536x729.webp 1536w\" sizes=\"auto, (max-width: 1920px) 100vw, 1920px\" \/> <div class=\"container \">\n<div class=\"wp-block-group max-w-fit has-white-background-color has-background is-vertical is-content-justification-stretch is-layout-flex wp-container-core-group-is-layout-db38eeec wp-block-group-is-layout-flex\" style=\"padding-top:3rem;padding-right:3rem;padding-bottom:3rem;padding-left:3rem\">\n<div class=\"wp-block-group is-content-justification-space-between is-nowrap is-layout-flex wp-container-core-group-is-layout-cb46ffcb wp-block-group-is-layout-flex\">\n<p style=\"color:var(--brand-color-1)\">FAIRE PARTIE DU CHANGEMENT<\/p>\n\n\n\n<figure class=\"wp-block-image size-full is-resized\"><img decoding=\"async\" src=\"https:\/\/nbliberal.ca\/wp-content\/uploads\/nbla_favicon.svg\" alt=\"nbla favicon\" class=\"wp-image-9938\" style=\"width:60px\"\/><\/figure>\n<\/div>\n\n\n\n<h2 style=\"color:var(--brand-color-5);font-size:var(--h1-s);max-width:700px\">Vous voulez faire votre part ? <br>Joignez-vous \u00e0 la vague de changement en devenant b\u00e9n\u00e9vole !<\/h2>\n\n\n\n<p style=\"max-width:500px\">Nous avons toujours besoin de b\u00e9n\u00e9voles pour nous aider \u00e0 organiser des \u00e9v\u00e9nements, \u00e0 faire du porte-\u00e0-porte et plus encore.<\/p>\n\n\n\n<a href=\"https:\/\/nbliberal.ca\/fr\/devenir-benevole\/\" class=\"wp-block-wp-expert-new-wpe-button btn\">Inscrivez-vous<\/a>\n<\/div>\n<\/div> <\/section>\n","protected":false},"excerpt":{"rendered":"","protected":false},"author":17,"featured_media":0,"parent":0,"menu_order":0,"comment_status":"closed","ping_status":"closed","template":"","meta":{"_seopress_robots_primary_cat":"","_seopress_titles_title":"","_seopress_titles_desc":"","_seopress_robots_index":"","_price":"","_stock":"","_tribe_ticket_header":"","_tribe_default_ticket_provider":"","_tribe_ticket_capacity":"0","_ticket_start_date":"","_ticket_end_date":"","_tribe_ticket_show_description":"","_tribe_ticket_show_not_going":false,"_tribe_ticket_use_global_stock":"","_tribe_ticket_global_stock_level":"","_global_stock_mode":"","_global_stock_cap":"","_tribe_rsvp_for_event":"","_tribe_ticket_going_count":"","_tribe_ticket_not_going_count":"","_tribe_tickets_list":"[]","_tribe_ticket_has_attendee_info_fields":false,"footnotes":"","_tec_slr_enabled":"","_tec_slr_layout":""},"class_list":["post-20867","page","type-page","status-publish","hentry"],"meta_box":[],"ticketed":false,"_links":{"self":[{"href":"https:\/\/nbliberal.ca\/fr\/wp-json\/wp\/v2\/pages\/20867","targetHints":{"allow":["GET"]}}],"collection":[{"href":"https:\/\/nbliberal.ca\/fr\/wp-json\/wp\/v2\/pages"}],"about":[{"href":"https:\/\/nbliberal.ca\/fr\/wp-json\/wp\/v2\/types\/page"}],"author":[{"embeddable":true,"href":"https:\/\/nbliberal.ca\/fr\/wp-json\/wp\/v2\/users\/17"}],"replies":[{"embeddable":true,"href":"https:\/\/nbliberal.ca\/fr\/wp-json\/wp\/v2\/comments?post=20867"}],"version-history":[{"count":1,"href":"https:\/\/nbliberal.ca\/fr\/wp-json\/wp\/v2\/pages\/20867\/revisions"}],"predecessor-version":[{"id":20869,"href":"https:\/\/nbliberal.ca\/fr\/wp-json\/wp\/v2\/pages\/20867\/revisions\/20869"}],"wp:attachment":[{"href":"https:\/\/nbliberal.ca\/fr\/wp-json\/wp\/v2\/media?parent=20867"}],"curies":[{"name":"wp","href":"https:\/\/api.w.org\/{rel}","templated":true}]}}

<section class="wp-block-wp-expert-new-wpe-section-container">
<div class="wp-block-wp-expert-new-wpe-container container">
<div class="grid  grid-1-tab-l grid-reverse-columns-tab-l    " style="gap:calc(var(u002du002dgrid-gap) * 2.5)">
<div class="wp-block-group is-vertical is-layout-flex wp-container-core-group-is-layout-fe9cc265 wp-block-group-is-layout-flex">
<p><strong>Rendre le cout de la vie plus abordable<br></strong>Après six ans de gouvernement Higgs, le cout de la vie a explosé. Entre autres, les loyers ont augmenté de 38 %, avec une augmentation de 10 % seulement cette année.<br> <br>Notre province connait une croissance démographique sans précédent et les conservateurs de Higgs n’ont aucun plan pour faire face à cette nouvelle réalité. Les propriétaires et les locataires subissent des augmentations record d’impôts fonciers et de loyers, tandis qu’un nombre record de personnes se retrouvent sans abris.<br> <br><strong>Mettre en place un plafond de l’augmentation des loyers et réformer le système défaillant d’impôts fonciers</strong><br>L’équipe Holt mettra immédiatement en place un plafond de l’augmentation des loyers dans le cadre d’une modernisation complète de la <em>Loi sur la location de locaux d’habitation</em>. Nous référerons également le système d’impôts fonciers afin d’en assurer la stabilité et l’équité.<br> <br><strong>Supprimer la TVP de 10 % des factures d’électricité</strong><br>L’équipe Holt supprimera la taxe provinciale de 10 % de votre facture résidentielle d’électricité afin de rendre le cout de la vie plus abordable et de permettre à la famille néo-brunswickoise moyenne d’économiser environ 192 $ par an.<br> <br><strong>Mettre en place un programme universel d’alimentation scolaire</strong><br>Au Nouveau-Brunswick, trop d’enfants vont à l’école alors qu’ils souffrent de la faim. L’équipe Holt s’assurera que tous les enfants sont prêts à apprendre en mettant en place un programme universel qui offre à chacun d’entre eux un petit-déjeuner gratuit et un diner à contribution volontaire, selon les moyens.<br> <br><strong>Construire 30 000 nouveaux logements</strong><br>Le Nouveau-Brunswick connait actuellement une crise du logement sans précédent. En supprimant temporairement la taxe de vente provinciale (TVP) sur les nouveaux projets de construction de logements multiunités, l’équipe Holt facilitera la construction de plus de logements plus rapidement.<br> <br><strong>L’équipe Holt est axée sur le cout de la vie et le logement !</strong><br><span id="docs-internal-guid-f19435ae-7fff-b8a5-9645-27132d2c5867"><div><span style="font-size: 11pt; font-family: &quot;Proxima Nova&quot;, sans-serif; color: rgb(0, 0, 0); background-color: transparent; font-weight: 700; font-variant-numeric: normal; font-variant-east-asian: normal; font-variant-alternates: normal; font-variant-position: normal; vertical-align: baseline;"></span><span style="font-size: 11pt; font-family: &quot;Proxima Nova&quot;, sans-serif; color: rgb(0, 0, 0); background-color: transparent; font-weight: 700; font-variant-numeric: normal; font-variant-east-asian: normal; font-variant-alternates: normal; font-variant-position: normal; vertical-align: baseline;"></span></div></span></p>



<div class="wp-block-buttons is-layout-flex wp-block-buttons-is-layout-flex">
<div class="wp-block-button"><a class="wp-block-button__link has-brand-1-background-color has-background wp-element-button" href="https://nbliberal.ca/fr/dons/">Faire un don</a></div>
</div>
</div>



<figure class="wp-block-image size-full"><img loading="lazy" decoding="async" width="2560" height="1597" src="https://nbliberal.ca/wp-content/uploads/rent_cap_website-scaled.jpg" alt="rent cap website" class="wp-image-20735" srcset="https://nbliberal.ca/wp-content/uploads/rent_cap_website-scaled.jpg 2560w, https://nbliberal.ca/wp-content/uploads/rent_cap_website-300x187.jpg 300w, https://nbliberal.ca/wp-content/uploads/rent_cap_website-1024x639.jpg 1024w, https://nbliberal.ca/wp-content/uploads/rent_cap_website-768x479.jpg 768w, https://nbliberal.ca/wp-content/uploads/rent_cap_website-1536x958.jpg 1536w, https://nbliberal.ca/wp-content/uploads/rent_cap_website-2048x1277.jpg 2048w" sizes="auto, (max-width: 2560px) 100vw, 2560px" /></figure>
</div>
</div>
</section>



<section class="section-bg"> <img loading="lazy" decoding="async" width="1920" height="911" src="https://nbliberal.ca/wp-content/uploads/getinvolved_block.webp" class="section-bg__img wp-image-10119" alt="getinvolved block" srcset="https://nbliberal.ca/wp-content/uploads/getinvolved_block.webp 1920w, https://nbliberal.ca/wp-content/uploads/getinvolved_block-300x142.webp 300w, https://nbliberal.ca/wp-content/uploads/getinvolved_block-1024x486.webp 1024w, https://nbliberal.ca/wp-content/uploads/getinvolved_block-768x364.webp 768w, https://nbliberal.ca/wp-content/uploads/getinvolved_block-1536x729.webp 1536w" sizes="auto, (max-width: 1920px) 100vw, 1920px" /> <div class="container ">
<div class="wp-block-group max-w-fit has-white-background-color has-background is-vertical is-content-justification-stretch is-layout-flex wp-container-core-group-is-layout-db38eeec wp-block-group-is-layout-flex" style="padding-top:3rem;padding-right:3rem;padding-bottom:3rem;padding-left:3rem">
<div class="wp-block-group is-content-justification-space-between is-nowrap is-layout-flex wp-container-core-group-is-layout-cb46ffcb wp-block-group-is-layout-flex">
<p style="color:var(--brand-color-1)">FAIRE PARTIE DU CHANGEMENT</p>



<figure class="wp-block-image size-full is-resized"><img decoding="async" src="https://nbliberal.ca/wp-content/uploads/nbla_favicon.svg" alt="nbla favicon" class="wp-image-9938" style="width:60px"/></figure>
</div>



<h2 style="color:var(--brand-color-5);font-size:var(--h1-s);max-width:700px">Vous voulez faire votre part ? <br>Joignez-vous à la vague de changement en devenant bénévole !</h2>



<p style="max-width:500px">Nous avons toujours besoin de bénévoles pour nous aider à organiser des événements, à faire du porte-à-porte et plus encore.</p>



<a href="https://nbliberal.ca/fr/devenir-benevole/" class="wp-block-wp-expert-new-wpe-button btn">Inscrivez-vous</a>
</div>
</div> </section>
